is divided by ((-14)/(-5))/((-2)/(-10)).
13
Let p = -21 - -50. Let c = p + -21. Calculate the remainder when 0/2 - (47 + -60) is divided by c.
5
What is the remainder when (-400)/(-48) + 1/(-3) is divided by 5?
3
Let s = 9 + -6. Suppose -s*t - 3 = -12. What is the remainder when 3 is divided by t?
0
Let s = 55 + -30. Calculate the remainder when s is divided by (28/(-10))/(1/(-5)).
11
Suppose 3*l + 267 + 185 = 5*f, l - 436 = -5*f. Suppose -4*g + f - 24 = 0. Suppose j = 3*j - 92. What is the remainder when j is divided by g?
14
Suppose 2*r + 5*k - 35 = 0, 6*r - 3*r - 2*k = 5. Suppose -q + p + 1 = -18, -3*p + 62 = 4*q. What is the remainder when q is divided by r?
2
Let m be 1*-1 + (12 - 11). Suppose 116 = 4*w - m*w. What is the remainder when w is divided by 8?
5
Let d(l) = -l + 4. What is the remainder when d(-5) is divided by 5?
4
Suppose 5 = -5*i + 85. Let y = 31 - i. Let u = 38 + -30. What is the remainder when y is divided by u?
7
Suppose 5*i = -10, -202 = -4*h - 0*h + 3*i. Calculate the remainder when h is divided by 15.
4
Let w = 25 + 15. Calculate the remainder when w is divided by 6.
4
Let o(w) = 7*w + 1 + 8*w**2 + 0*w**3 + 3 + w**3. Let c be o(-7). Suppose -c*b - m + 88 = m, 0 = -b - 2*m + 25. What is the remainder when 61 is divided by b?
19
Suppose 7*r = 2*k + 2*r - 22, -5*r + 14 = 4*k. What is the remainder when 14 is divided by k?
2
What is the remainder when 88 is divided by (-8)/(40/(-75)) + 3?
16
Let b = 23 - 7. What is the remainder when 28 is divided by b?
12
Suppose -4*r = 3*o - 426, -3*r + 4*o = 209 - 516. Calculate the remainder when r is divided by 9.
6
Let s(l) = -l + 22. Let p be -5 - 2/(-4)*-6. Let i be (-74)/(-8) + 2/p. What is the remainder when 24 is divided by s(i)?
11
Let z(r) = 3*r + 1. Let n be z(1). Suppose -4*v + 26 = -2*k, k + n*k = 5*v - 40. Calculate the remainder when 19 is divided by v.
4
Suppose -21 - 42 = -3*t. Suppose -x + 115 = -5*i + x, 140 = -5*i - 3*x. What is the remainder when t is divided by ((-44)/10)/(10/i)?
10
Suppose 1 = -h, 2*h + 85 + 2 = 5*v. Calculate the remainder when 43 is divided by v.
9
Suppose -3*r = 3*k + 9, -3*k + 0*r - r = 15. Let b = k - -12. What is the remainder when (-1 - -1)*1 + 16 is divided by b?
4
Let j = 8 + 1. Let n be -3*((-3)/1)/(-3). Calculate the remainder when j/6*(-20)/n is divided by 6.
4
Let x be 1/2 - 15/(-6). Suppose 6 + 3 = x*n. Let y(q) = -3*q - 1. Calculate the remainder when n is divided by y(-1).
1
Let f be (-8)/(-6)*36/(-8). Let q(c) = -c**2 - 5*c + 7. Let s be q(f). Let p = s - -3. What is the remainder when 5 is divided by p?
1
Let r = 10 + -3. Suppose c = -m - 4, 3*c + 1 = 3*m + 19. Let a(q) = 11*q**3 + 2*q**2 - 1. What is the remainder when a(c) is divided by r?
5
Suppose 6 + 21 = 3*w. Suppose -1 = 4*m - w. What is the remainder when (-18)/(-3)*2/(-6) - -7 is divided by m?
1
Suppose -1 = w - 2*w. Let o = 0 - w. What is the remainder when o/2 + 105/14 is divided by 3?
1
Let d(j) = 102*j**2 + 3 - 15 - 100*j**2. Suppose -10 = -5*k, 8*a + k = 3*a + 197. Calculate the remainder when a is divided by d(-4).
19
Let v be 52/(-4) - 1/1. Let k = 20 + v. What is the remainder when 16 is divided by k?
4
Let a be 9/(-6)*(-14)/3. Let c = a + -14. Let x = c + 20. What is the remainder when x is divided by 7?
6
Suppose 0 = k - 5*d + 10 - 37, k - 4*d = 27. Suppose -73 - k = -4*p. Calculate the remainder when p is divided by 9.
7
What is the remainder when 15 is divided by 13/3 + (-1)/3?
3
Let c be (-128)/320 - 2/(10/(-27)). Let z(g) = 5*g - 5. Let a be z(-4). Calculate the remainder when 27 is divided by ((-8)/c + 1)*a.
12
Let j = 18 - 12. Suppose 5*i - 56 = -j. What is the remainder when 37 is divided by i?
7
Let i(j) = 2*j - 7. Let t be i(6). Suppose 0*g = -t*g + 375. What is the remainder when 13 is divided by ((-4)/(-6))/(10/g)?
3
Let k = 15 + -9. Let c(w) = 3*w**2 + 13*w + 29. Calculate the remainder when c(-3) is divided by k.
5
Let l(k) = k**2 - 13*k - 4. Let y be l(11). Let i = y + 16. Calculate the remainder when 4/i - 285/(-25) is divided by 3.
2
Let r(u) = -2*u**3 + 6*u**2 - 6*u - 3. Let w be r(5). Let p = -86 - w. What is the remainder when p is divided by 16?
15
Suppose 17 = 2*r - 5*p + 48, 4*p = 5*r + 52. Let t = -4 - r. Suppose -t*s + 9*s - 5*y = 55, 50 = 4*s - y. What is the remainder when 37 is divided by s?
11
Let h(q) = -q**2 + 19*q - 41. Calculate the remainder when h(11) is divided by 13.
8
Suppose 5*d = 9*d - 28. What is the remainder when 19 is divided by d?
5
Suppose 0 = -10*b + 13*b - 45. What is the remainder when 43 is divided by b?
13
Calculate the remainder when 26 is divided by 92/6 - 31/93.
11
Suppose -c - 3*c + 56 = 0. What is the remainder when c is divided by 4 + 0 + (-32)/(-8)?
6
Let z(q) = q**3 + q**2 - 1. Let h be z(2). Suppose 2*f + 5 = h. Suppose 9 + f = 3*y. What is the remainder when 6 is divided by y?
2
Suppose 0 = z - 4*z + 30. Let k = z + -6. What is the remainder when 7 is divided by k?
3
Suppose -m - 60 = -5*m. Suppose -5*t + 22 - 2 = 0. Suppose 0 = -g + t*d + 78, 3*g = g + 3*d + 131. What is the remainder when g is divided by m?
13
Let s = 39 + -2. What is the remainder when s + (-1)/(0 - 1) is divided by 13?
12
Let o be (-4)/(-6) - (-26)/(-3). Let u = -15 - o. Calculate the remainder when 26 is divided by (-65)/(-7) - (-2)/u.
8
Let d = 126 + 6. What is the remainder when d is divided by 27?
24
Let g be (3 + 34/(-10))*-110. Let h = g + -27. What is the remainder when 67 is divided by h?
16
Let m(f) = f**3 - f**2 - 5*f + 11. Suppose -5*c - 281 = -4*r, c + 1 = -4. Suppose -3*l + l = -r. Calculate the remainder when l is divided by m(0).
10
Suppose 0 = 3*p + 12, -5*r + 3*p + 18 = -2*r. Let o(u) = u - 1. What is the remainder when o(5) is divided by r?
0
Suppose 0 = -b - 3*b. Let s(v) = 9*v**2 - 7*v**2 + 6*v + b - 3. Calculate the remainder when s(-6) is divided by 9.
6
What is the remainder when (3/2)/((-1)/(-118)) is divided by 45?
42
Suppose -4*b = 3 - 15. Let c(z) = 4*z**2 - 3*z - 4. What is the remainder when c(b) is divided by 8?
7
Calculate the remainder when -1*(-90 - (-4 + 2)) is divided by 23.
19
Let s(o) = -o**3 - 4*o**2 + 1. Calculate the remainder when 4 is divided by s(-4).
0
Suppose -v - 4*k - 5 = 0, -32 + 13 = -4*v - 3*k. What is the remainder when 19 is divided by v?
5
Let j(o) = 2*o**2 + 13*o + 2. What is the remainder when 26 is divided by j(-7)?
8
Suppose -3*g + 5*g = 16. Let p(q) = -13*q**3 - q**2 - q. What is the remainder when p(-1) is divided by ((-20)/g)/((-1)/2)?
3
Suppose 3*i - 85 = -2*i. What is the remainder when 49 is divided by i?
15
Suppose -4*d = t - 5*t - 16, -24 = -3*d - t. What is the remainder when 33 is divided by d?
5
Suppose -2*p - 3*p = -55. Let w = 23 - p. What is the remainder when 21 is divided by w?
9
What is the remainder when 35 is divided by (-21 + -15)*2/(-8)?
8
Let c(w) = w**3 - 5*w**2 + 5*w - 2. Let a be c(4). Suppose 5*j - 84 = a*j. Calculate the remainder when j is divided by (-10)/3*9/(-2).
13
Suppose 0 = 3*p + 1 - 7. Let b(t) = t + 8. Let s be b(-4). Suppose -5*a - p*u + 1 = -s*u, -11 = -a - 5*u. Calculate the remainder when a is divided by 1.
0
Let y = 23 + -11. Suppose -y*w = -17*w + 525. Calculate the remainder when w is divided by 27.
24
Let q = -13 + 16. Let s = -10 + 21. Suppose -2*i + 5*f = -s, -q*i + 2*f - 10 + 32 = 0. What is the remainder when 31 is divided by i?
7
Let x(s) = 4*s - 1. Suppose -5*u + 4*w = 11 + 7, -5*u = -2*w + 14. Let a be x(u). Calculate the remainder when (132/a)/((-2)/6) is divided by 15.
14
Let n(l) = 28*l - 3. Calculate the remainder when 74 is divided by n(1).
24
Suppose -d + 2*d - 58 = 0. What is the remainder when d is divided by 30?
28
Let x = 83 - 59. What is the remainder when 45 is divided by x?
21
Let r(x) = 8*x + 3. Calculate the remainder when r(4) is divided by 9.
8
Suppose 4*b - 2*b = 4*d + 38, 0 = -b + 4*d + 23. Suppose -c + 40 = -0*v + 2*v, -52 = -c + 4*v. What is the remainder when c is divided by b?
14
Suppose -4*x + 44 + 48 = 0. Suppose 35 = 2*k - 5*o, 2*k - 4*k + o + x = 0. Let b = 55 - 27. What is the remainder when b is divided by k?
8
Let l be (4/(-5))/(14/(-35)). Suppose 75 = 5*y - 2*c - 2*c, l*y = 2*c + 28. What is the remainder when y is divided by 10?
9
Let w = 254 + -155. Let t = 50 - w. Let r = -29 - t. What 